{"id":192,"date":"2018-02-18T20:08:13","date_gmt":"2018-02-18T19:08:13","guid":{"rendered":"http:\/\/csa-ruelle.fr\/?page_id=192"},"modified":"2025-09-01T12:43:35","modified_gmt":"2025-09-01T10:43:35","slug":"le-mot-du-president","status":"publish","type":"page","link":"https:\/\/csa-ruelle.fr\/?page_id=192","title":{"rendered":"Le mot du pr\u00e9sident"},"content":{"rendered":"\n<figure class=\"wp-block-image size-full is-resized\"><img loading=\"lazy\" decoding=\"async\" width=\"1022\" height=\"1270\" src=\"https:\/\/csa-ruelle.fr\/wp-content\/uploads\/2024\/10\/Photo-identite-091024.jpg\" alt=\"\" class=\"wp-image-999\" style=\"width:88px;height:112px\" srcset=\"https:\/\/csa-ruelle.fr\/wp-content\/uploads\/2024\/10\/Photo-identite-091024.jpg 1022w, https:\/\/csa-ruelle.fr\/wp-content\/uploads\/2024\/10\/Photo-identite-091024-241x300.jpg 241w, https:\/\/csa-ruelle.fr\/wp-content\/uploads\/2024\/10\/Photo-identite-091024-824x1024.jpg 824w, https:\/\/csa-ruelle.fr\/wp-content\/uploads\/2024\/10\/Photo-identite-091024-768x954.jpg 768w\" sizes=\"auto, (max-width: 767px) 89vw, (max-width: 1000px) 54vw, (max-width: 1071px) 543px, 580px\" \/><\/figure>\n\n\n<div class=\"blk_CSS_CSA\">\n<div class=\"r_liste\">\n<div class=\"row\">\n<p>Ch\u00e8res adh\u00e9rentes, chers adh\u00e9rents<\/p>\n<p>Le Club Sportif et Artistique de Ruelle vous souhaite la bienvenue au sein de ses activit\u00e9s Sportives, Culturelles et de Loisirs pour<strong> la nouvelle saison 2025-2026<\/strong>.<\/p>\n<ul>\n<li><strong>Nos activit\u00e9s<\/strong> <strong>sportives <\/strong>: le Cano\u00eb, le Cyclisme, le cyclotourisme, la Plong\u00e9e sous marine, la Remise en forme par la musculation, le Stretching, le Pilates, le Ski et la gym pr\u00e9paratrice au ski,<\/li>\n<li><strong>Nos activit\u00e9s<\/strong> <strong>culturelles <\/strong>: la Micro-informatique, la Musique et la Photographie.<\/li>\n<\/ul>\n<p>Par votre adh\u00e9sion au club, vous serez obligatoirement affili\u00e9 <strong>\u00e0 la f\u00e9d\u00e9ration des clubs de la d\u00e9fense (F.C.D.).<\/strong> Vous pourrez b\u00e9n\u00e9ficier d\u2019autres licences, gr\u00e2ce aux conventions sign\u00e9es avec d\u2019autres f\u00e9d\u00e9rations, comme la F\u00e9d\u00e9ration fran\u00e7aise de V\u00e9lo, la F\u00e9d\u00e9ration fran\u00e7aise de Plong\u00e9e sous marine, la F\u00e9d\u00e9ration fran\u00e7aise\u00a0 de Ski, l&rsquo;Ufolep, la F\u00e9d\u00e9ration Photographique de France et la Conf\u00e9d\u00e9ration Musicale de France.<\/p>\n<p>Egalement nos adh\u00e9rents b\u00e9n\u00e9ficient de la convention avec l&rsquo;ANCV, pour les r\u00e8glements avec les ch\u00e8ques vacances et les coupons sport.\u00a0\u00a0<\/p>\n<p>Nous terminons la saison 2024-2025 avec 835 adh\u00e9rents (957 pratiquants) contre 885 (969 pratiquants) en 2023-2024. Une baisse de licenci\u00e9s sur plusieurs activit\u00e9s culturelles, mais avec un nombre de pratiquants presque \u00e9quivalent, qui montre notre dynamisme au sein de nos sections et surtout de leurs membres dirigeants et encadrants. Mes f\u00e9licitations et mes remerciements \u00e0 tous nos b\u00e9n\u00e9voles&#8230;.<\/p>\n<p>Les nouvelles manifestations Sportives et Culturelles vont d\u00e9buter et je souhaite que les membres de nos activit\u00e9s aient \u00e0 c\u0153ur de repr\u00e9senter le club et\/ou de porter ses couleurs \u00ab\u00a0jaune et noire\u00a0\u00bb, avec plaisir.<\/p>\n<p>Je rappelle que notre f\u00e9d\u00e9ration est \u00ab\u00a0affinitaire\u00a0\u00bb. Elle d\u00e9livre une licence unique, pour toutes les activit\u00e9s Sportives, Culturelles et de Loisirs. Nous sommes en \u00ab\u00a0Multi-activit\u00e9s \u00bb.<\/p>\n<p>Autre avantage, si le club n\u2019a pas de sections \u00ab\u00a0p\u00e9tanque\u00a0\u00bb, \u00ab\u00a0tir \u00e0 l\u2019arc\u00a0\u00bb, \u00ab\u00a0peinture\u00a0\u00bb etc., et que vous \u00eates amateur, vous pourrez participer aux rencontres, championnats et aux salons de ces activit\u00e9s, organis\u00e9s par la f\u00e9d\u00e9ration&#8230;<\/p>\n<p>Pour s&rsquo;informer sur l\u2019ensemble des activit\u00e9s propos\u00e9es, allez sur le site internet de la f\u00e9d\u00e9ration des clubs de la d\u00e9fense, c\u2019est <a href=\"https:\/\/www.lafederationdefense.fr\/\">ici<\/a><a href=\"https:\/\/www.lafederationdefense.fr\/\">.<\/a><\/p>\n<p>En plus de la participation \u00e0 nos activit\u00e9s, nos adh\u00e9rents assistent ou aident \u00e0 la r\u00e9alisation de manifestations locales de la commune de Ruelle ou des autres communes environnantes, courses cyclistes ou p\u00e9destres, spectacles ou hommages rendus&#8230;<\/p>\n<p>Une nouvelle saison d\u00e9bute, nos responsables de sections, nos encadrants et nos animateurs seront heureux de vous accueillir au sein de leurs activit\u00e9s.<\/p>\n<p>Je vous souhaite \u00e0 toutes et \u00e0 tous une belle et agr\u00e9able saison 2025-2026.<\/p>\n<p>Sportivement et culturellement,<\/p>\n<p>Le pr\u00e9sident, <br \/>Jean-Fran\u00e7ois Duroudier<\/p>\n<\/div>\n<\/div>\n<\/div>","protected":false},"excerpt":{"rendered":"<p>Ch\u00e8res adh\u00e9rentes, chers adh\u00e9rents Le Club Sportif et Artistique de Ruelle vous souhaite la bienvenue au sein de ses activit\u00e9s Sportives, Culturelles et de Loisirs pour la nouvelle saison 2025-2026. Nos activit\u00e9s sportives : le Cano\u00eb, le Cyclisme, le cyclotourisme, la Plong\u00e9e sous marine, la Remise en forme par la musculation, le Stretching, le Pilates, &hellip; <\/p>\n<p class=\"link-more\"><a href=\"https:\/\/csa-ruelle.fr\/?page_id=192\" class=\"more-link\">Continuer la lecture<span class=\"screen-reader-text\"> de &laquo;&nbsp;Le mot du pr\u00e9sident&nbsp;&raquo;<\/span><\/a><\/p>\n","protected":false},"author":1,"featured_media":0,"parent":0,"menu_order":0,"comment_status":"closed","ping_status":"closed","template":"","meta":{"footnotes":""},"class_list":["post-192","page","type-page","status-publish","hentry"],"_links":{"self":[{"href":"https:\/\/csa-ruelle.fr\/index.php?rest_route=\/wp\/v2\/pages\/192","targetHints":{"allow":["GET"]}}],"collection":[{"href":"https:\/\/csa-ruelle.fr\/index.php?rest_route=\/wp\/v2\/pages"}],"about":[{"href":"https:\/\/csa-ruelle.fr\/index.php?rest_route=\/wp\/v2\/types\/page"}],"author":[{"embeddable":true,"href":"https:\/\/csa-ruelle.fr\/index.php?rest_route=\/wp\/v2\/users\/1"}],"replies":[{"embeddable":true,"href":"https:\/\/csa-ruelle.fr\/index.php?rest_route=%2Fwp%2Fv2%2Fcomments&post=192"}],"version-history":[{"count":30,"href":"https:\/\/csa-ruelle.fr\/index.php?rest_route=\/wp\/v2\/pages\/192\/revisions"}],"predecessor-version":[{"id":1050,"href":"https:\/\/csa-ruelle.fr\/index.php?rest_route=\/wp\/v2\/pages\/192\/revisions\/1050"}],"wp:attachment":[{"href":"https:\/\/csa-ruelle.fr\/index.php?rest_route=%2Fwp%2Fv2%2Fmedia&parent=192"}],"curies":[{"name":"wp","href":"https:\/\/api.w.org\/{rel}","templated":true}]}}